r when 54222 is divided by 53657?
565
Calculate the remainder when 2086102 is divided by 10979.
92
What is the remainder when 12950723 is divided by 104?
19
What is the remainder when 69901211 is divided by 37?
34
What is the remainder when 16655448 is divided by 14?
12
Calculate the remainder when 1595715 is divided by 308.
275
Calculate the remainder when 3164101 is divided by 11940.
1
What is the remainder when 4000832 is divided by 12?
8
Calculate the remainder when 890619 is divided by 890549.
70
Calculate the remainder when 14582321 is divided by 4217.
4152
Calculate the remainder when 278039 is divided by 3899.
1210
What is the remainder when 1768722 is divided by 7017?
438
What is the remainder when 109741 is divided by 1794?
307
Calculate the remainder when 6244562 is divided by 97.
90
Calculate the remainder when 14504360 is divided by 966957.
5
What is the remainder when 98601048 is divided by 3065?
3063
Calculate the remainder when 8763557 is divided by 887.
884
Calculate the remainder when 32969 is divided by 4076.
361
What is the remainder when 39275242 is divided by 1006?
1002
Calculate the remainder when 32822 is divided by 22.
20
What is the remainder when 381954 is divided by 79?
68
What is the remainder when 1949044 is divided by 998?
948
What is the remainder when 3218333 is divided by 726?
701
Calculate the remainder when 84484 is divided by 1066.
270
Calculate the remainder when 644485 is divided by 161114.
29
Calculate the remainder when 22192418 is divided by 61305.
8
What is the remainder when 2273571 is divided by 1136676?
219
What is the remainder when 6355065 is divided by 1588754?
49
Calculate the remainder when 832253 is divided by 1205.
803
Calculate the remainder when 148511 is divided by 36424.
2815
What is the remainder when 10815088 is divided by 196?
4
What is the remainder when 194261 is divided by 48428?
549
What is the remainder when 136397 is divided by 274?
219
What is the remainder when 617701 is divided by 205782?
355
Calculate the remainder when 62621 is divided by 61567.
1054
What is the remainder when 1429329 is divided by 109900?
629
Calculate the remainder when 1218802 is divided by 60937.
62
What is the remainder when 698921 is divided by 3971?
25
What is the remainder when 1613887 is divided by 75?
37
What is the remainder when 4934830 is divided by 19?
17
Calculate the remainder when 1554137 is divided by 568.
89
Calculate the remainder when 343862 is divided by 393.
380
What is the remainder when 57895307 is divided by 36?
35
Calculate the remainder when 3336637 is divided by 337.
0
Calculate the remainder when 458343 is divided by 5349.
3678
Calculate the remainder when 23494945 is divided by 154572.
1
What is the remainder when 183628 is divided by 61190?
58
Calculate the remainder when 124938 is divided by 1847.
1189
What is the remainder when 17693124 is divided by 16307?
29
Calculate the remainder when 404394 is divided by 242.
12
What is the remainder when 5323 is divided by 2005?
1313
Calculate the remainder when 728105 is divided by 57.
44
What is the remainder when 333869 is divided by 1403?
1358
What is the remainder when 36631055 is divided by 3543?
3521
Calculate the remainder when 1442749 is divided by 15682.
5
What is the remainder when 35195 is divided by 11514?
653
Calculate the remainder when 156933877 is divided by 26.
9
Calculate the remainder when 614340 is divided by 12.
0
What is the remainder when 13544521 is divided by 5?
1
Calculate the remainder when 4811937 is divided by 140.
137
Calculate the remainder when 30954233 is divided by 584042.
7
Calculate the remainder when 401520 is divided by 873.
813
What is the remainder when 239368876 is divided by 53?
47
What is the remainder when 8806433 is divided by 4321?
235
Calculate the remainder when 1263180 is divided by 4363.
2273
Calculate the remainder when 103743781 is divided by 149.
147
What is the remainder when 115421 is divided by 57669?
83
What is the remainder when 16896 is divided by 14518?
2378
What is the remainder when 937345583 is divided by 2779?
2778
What is the remainder when 16709310 is divided by 1193518?
58
Calculate the remainder when 794628 is divided by 1880.
1268
Calculate the remainder when 47852 is divided by 677.
462
Calculate the remainder when 484838009 is divided by 7.
5
Calculate the remainder when 26248074 is divided by 52.
34
What is the remainder when 527322176 is divided by 10905?
10901
Calculate the remainder when 11293500 is divided by 5646736.
28
What is the remainder when 10663157 is divided by 1399?
1378
Calculate the remainder when 48423 is divided by 44464.
3959
What is the remainder when 77817608 is divided by 25939194?
26
Calculate the remainder when 422201026 is divided by 642.
640
Calculate the remainder when 9090596 is divided by 20.
16
Calculate the remainder when 92565 is divided by 4559.
1385
What is the remainder when 30124 is divided by 10031?
31
Calculate the remainder when 297030 is divided by 88.
30
Calculate the remainder when 894484 is divided by 223621.
0
What is the remainder when 440534 is divided by 1074?
194
What is the remainder when 65420891 is divided by 14?
11
Calculate the remainder when 3745571 is divided by 683.
682
Calculate the remainder when 50156230 is divided by 4889.
4868
What is the remainder when 158766 is divided by 3969?
6
What is the remainder when 4707809 is divided by 2601?
2600
Calculate the remainder when 2907276 is divided by 650.
476
What is the remainder when 8294365 is divided by 303?
43
What is the remainder when 384898 is divided by 384704?
194
What is the remainder when 16301944 is divided by 26?
22
What is the remainder when 8645629 is divided by 137232?
13
Calculate the remainder when 84248 is divided by 312.
8
What is the remainder when 15415106 is divided by 481?
18
What is the remainder when 4578335 is divided by 1922?
131
Calculate the remainder when 3003823 is divided by 324.
19
What is the remainder when 5783901 is divided by 906?
903
What is the remainder when 50958017 is divided by 7?
5
What is the remainder when 397872 is divided by 2173?
213
What is the remainder when 8393067 is divided by 701?
695
Calculate the remainder when 317880938 is divided by 15.
8
Calculate the remainder when 347344 is divided by 173667.
10
Calculate the remainder when 1751126196 is divided by 166.
164
Calculate the remainder when 4744369 is divided by 5562.
5545
What is the remainder when 18132672 is divided by 2266582?
16
Calculate the remainder when 22688 is divided by 10871.
946
Calculate the remainder when 6630262 is divided by 1823.
11
What is the remainder when 208000 is divided by 5200?
0
What is the remainder when 32944 is divided by 630?
184
Calculate the remainder when 44791 is divided by 4976.
7
Calculate the remainder when 415359313 is divided by 435.
433
Calculate the remainder when 3704237 is divided by 304.
301
Calculate the remainder when 314755 is divided by 104897.
64
What is the remainder when 7477561 is divided by 2492493?
82
What is the remainder when 273252 is divided by 1341?
1029
Calculate the remainder when 5120176 is divided by 1274.
1244
Calculate the remainder when 53851 is divided by 174.
85
Calculate the remainder when 655051 is divided by 92.
11
What is the remainder when 392109 is divided by 24?
21
What is the remainder when 2335501 is divided by 4535?
4511
What is the remainder when 597259 is divided by 15717?
13
Calculate the remainder when 889019 is divided by 16463.
17
What is the remainder when 683950 is divided by 61993?
2027
What is the remainder when 25338663 is divided by 279?
162
What is the remainder when 2094845 is divided by 190431?
104
What is the remainder when 7952003 is divided by 3975983?
37
Calculate the remainder when 369122 is divided by 369116.
6
What is the remainder when 48568985 is divided by 487?
475
Calculate the remainder when 11562961 is divided by 187.
3
Calculate the remainder when 549704 is divided by 137424.
8
Calculate the remainder when 255705 is divided by 35764.
5357
What is the remainder when 22960571 is divided by 4?
3
What is the remainder when 171403665 is divided by 1482?
1473
What is the remainder when 828988 is divided by 31882?
56
Calculate the remainder when 4765